+ j. Is b a prime number?
False
Let j(w) = -25*w**2. Let n be j(-2). Let p = 111 - n. Is p composite?
False
Suppose 60 = -2*k + 17*k. Suppose -k = -11*n + 9*n. Is (n + -1)/((-1)/(-1154)) composite?
True
Let p be (-1)/(4/(531 + -3)). Suppose 0*y + 1123 = 4*y - 3*h, h + 5 = 0. Let r = y + p. Is r composite?
True
Let j(y) = 3*y**3 - y**2 + 7*y + 2. Let n = 19 - 19. Suppose -2*l = 5*t - 43, n*t + 3*l + 23 = 5*t. Is j(t) a prime number?
True
Let k(u) = -170*u - 50. Let p(x) = -x - 2. Let m(i) = -k(i) - p(i). Is m(2) a composite number?
True
Let v = 924 + -618. Let i = v + 296. Suppose 0 = 2*d + o - i, -4*d + 0*o + o = -1216. Is d a composite number?
True
Suppose -225070 = -2*p + 3*f - 22844, 0 = 2*f + 8. Is p a composite number?
False
Let i(c) = 3*c**2 - c + 1. Let h(r) = -47*r**2 + 14*r + 143. Let u(n) = -h(n) - 4*i(n). Is u(-11) a composite number?
True
Let t(l) = -165*l + 116. Is t(-19) a prime number?
True
Is (-2874491)/(-8) + (-50)/((-3600)/(-27)) a composite number?
False
Let v = 40328 + -23287. Is v a prime number?
True
Let w(s) be the first derivative of 47*s**7/280 + s**6/360 - s**4/24 + 14*s**3/3 - 9. Let q(a) be the third derivative of w(a). Is q(1) a composite number?
True
Let v(u) = 204 + 20*u + 128 - 279. Is v(18) prime?
False
Let r = 36 - 34. Suppose 0 = 3*i - r*o + 3, 3*i - 5*o + 2*o = -6. Is ((-7)/(-2))/((-14)/(-16604))*i a prime number?
False
Suppose -f + l - 3 = 0, -4*l = f - 0 - 12. Let x(t) = 3*t + 5969. Is x(f) a composite number?
True
Suppose -4074762 - 2010054 = -195*i + 4588899. Is i a prime number?
False
Let f(n) = 6*n + 55*n**3 - 11 - 25*n**3 - 17*n - 3*n**2. Is f(6) a composite number?
True
Suppose -5*c = 4*b - 16799, -13 = 2*c - 11. Is b composite?
False
Let u be (-13 - (-200)/16)/((-1)/4). Let y(t) = -t - 2*t**2 + 61*t**3 + 0*t**2 + 23*t**3. Is y(u) a prime number?
False
Let l = 7657 - -3545. Suppose 5*o + 2*x + 1599 = 20300, 5*x + l = 3*o. Is o prime?
True
Let i be 17/(51/(-22680))*(-3)/6. Suppose -3*x + 8*x = i. Suppose 3*h + x = 3*t, -22 = -5*h + 3. Is t prime?
True
Let o = 2160429 + -841096. Is o a prime number?
True
Let h(k) = -664*k**2 - 7*k - 24. Let f be h(-4). Let j = f - -15041. Is j prime?
True
Is -2*((-2)/(-10)*-139822)/((-8)/(-10)) prime?
True
Is (-183099)/(-4 - -1) - 1*2 prime?
True
Suppose 7*f - 5*f = -8144. Let b = -2360 - f. Let h = -651 + b. Is h prime?
True
Suppose 0 = 5*r - 3*x - 3945343, -1191*r - 3*x = -1192*r + 789083. Is r a composite number?
True
Let n(i) = 802*i**2 + 28*i - 125. Let y be n(4). Let x = -4028 + y. Is x prime?
False
Let p(x) = 386*x**2 - 4*x + 24. Let a be p(-7). Let w = a + -13297. Is w a composite number?
False
Suppose -9 = v - 2*d + 5*d, -5*d = 4*v + 15. Suppose 8*r - 12*r + 6716 = v. Is r a composite number?
True
Let c be 4/6*(-11 - -17). Suppose 0 = -c*s - 5*j + 12 - 2, 2*s - 3*j + 6 = 0. Suppose 16*a - 19*a + 2361 = s. Is a prime?
True
Let w(d) = 1214*d - 41. Suppose -15*u - 15 = -18*u. Is w(u) composite?
False
Let r = 100 - 97. Suppose -r*p + 55 = 8*p. Suppose -p*c + 12598 - 3256 = 3*u, u - 3106 = c. Is u prime?
True
Suppose -352*w + 3219955 = -347*w. Is w prime?
True
Suppose -253206 = -2*c - y, -2*y + 70554 - 323748 = -2*c. Is c a prime number?
True
Suppose 4*i = 2*i - 2*a + 57520, -3*a = -2*i + 57510. Let n = i + -15731. Suppose -3*s + n = 2*s + u, -4*s - u = -10422. Is s a composite number?
True
Let a(s) = -s**2 - 4*s - 1. Let k be a(-1). Suppose 0*p + 3*p = -5*c + 16, k*c - 2*p - 16 = 0. Suppose -2*b = -c*b + 6999. Is b a composite number?
False
Suppose 15*u = 5*q + 19*u - 592, 5*q - 608 = 4*u. Is ((-1410)/(-8) + -2)*q/30 a composite number?
True
Suppose 88*s - 330*s = 52*s - 4470564. Is s a composite number?
True
Let y = 4639 + -6965. Let h = y + 3315. Is h prime?
False
Let v be ((-95)/15 - -6)*-6. Suppose -5350 = -2*f - 4*q, -5*f = -v*f + 2*q - 8017. Is f composite?
False
Let x = 5176 + -5173. Let h(m) = -2*m - 6. Let l be h(-4). Suppose -985 = -l*t - u, -7*t + 4*t + x*u + 1464 = 0. Is t prime?
True
Let j = -42 - -44. Let w be ((4 + j)/(-2))/(3/(-8696)). Is ((-2)/(-8))/(2/w) prime?
True
Let n = 177 - 176. Is (-357127)/(-413) + 4/14*n composite?
True
Let s(n) be the first derivative of n**6/15 + n**5/60 - n**4/3 - 5*n**3/6 + 15*n**2/2 + 22. Let z(g) be the second derivative of s(g). Is z(6) composite?
True
Let z(d) = -6*d**3 + 2*d**2 - 19*d + 28. Let h(q) = q**2 - 8*q - 112. Let y be h(-7). Is z(y) composite?
True
Let c = 614 - 618. Is (1/c)/(6 + (-36388)/6064) a prime number?
True
Let z(s) = 42*s**2 - 94*s + 407. Is z(49) a composite number?
False
Suppose m + 73 = 4*d - 0*m, -3*m - 21 = -d. Suppose 23*h = d*h - 175. Is (h/(-21))/((-1)/(-141)) prime?
False
Suppose -6*k + 28 = 4. Suppose -4 - 23 = -3*g + 5*c, c = -k*g + 13. Is 581/(-2)*g/(-5 + 3) a composite number?
True
Let u(q) = -1475*q + 1342. Is u(-5) a composite number?
True
Let v(i) = 167*i**2 + 5*i + 25. Let f be v(-5). Let u = f + -2304. Is u composite?
False
Let y(q) = q**2 - 9*q + 16. Let r be y(3). Let k be ((-33)/(-9) + r)/(3/27). Let p(s) = -s**3 + 18*s**2 - 17*s - 31. Is p(k) a composite number?
False
Suppose -2*g = 3*n - 7764, 4*n = 2*g + 6*n - 7762. Suppose g = -47*u + 50*u. Is u a composite number?
True
Let z(b) = -43*b - 25. Let g(v) = -21*v - 13. Let c be -11 - (0 - -5 - 5). Let p(k) = c*g(k) + 6*z(k). Is p(-18) composite?
False
Let o = 586993 - 280952. Is o a composite number?
False
Suppose -2*y = -w - 4*y + 10, -4*y = -w - 2. Let z be (-1568)/(-24) - (8/w)/(-2). Suppose 736 = 2*g + z. Is g a composite number?
True
Let l be 8/(-28) + (1210/(-14))/(-5). Let b = 17 - l. Suppose -22*q + 23*q - 751 = b. Is q composite?
False
Suppose 0 = d + 13 - 8, -3*y + d = -233456. Is y composite?
True
Suppose 9*k - 66 = -2*k. Suppose k = 39*g - 36*g. Suppose 0*x = g*l - 3*x - 1639, -l + 4*x + 817 = 0. Is l a prime number?
True
Let s = -184745 + 272364. Is s a composite number?
True
Let i(h) = -8*h - 92. Let n be i(-12). Suppose -3*r - g + 10801 = -5*g, -n*g + 7234 = 2*r. Is r a prime number?
True
Let b(m) = m**3 - 2*m**2 + 5*m + 3636. Let f be b(0). Is ((-11)/(-2) - 5/10) + f a prime number?
False
Let r be 13 - (-3)/((-6)/2). Is ((-6)/(r/1))/(1/(-6166)) composite?
False
Suppose i - 3*i = -4*j + 16, -4*i - 16 = 0. Let a be (j/2 + -1)/(-2 - -3). Suppose -l - 4*l - f + 3687 = a, -3*f + 1480 = 2*l. Is l composite?
True
Suppose 32*o = 5*o - 24*o. Suppose 0 = 2*m - o*m - 5*j - 18579, 5*m - j - 46436 = 0. Is m a prime number?
False
Suppose 430 - 66 = -4*z. Let l = -90 - z. Is (-3314)/4*l*(-3 - -1) composite?
False
Suppose -192918 = 178*a - 167*a. Let f = a - -44207. Is f a prime number?
True
Let z be 10467 + (-1 - 0) - (-1 + 5). Suppose 3*c = 53 + z. Is c prime?
False
Let l(s) = 10*s**2 + 77*s + 18. Let h(x) = 11*x**2 + 76*x + 19. Let t(p) = 5*h(p) - 6*l(p). Is t(-10) prime?
True
Let x be (7 - 3)/(-4) + 42. Let j = x - 35. Is 477/j*10/15 prime?
True
Let r = 5228 - -11525. Is r prime?
False
Suppose -u = 2*b + b - 6871, 0 = -5*b + u + 11465. Suppose 0*v + b = 6*v. Suppose 23*x = 25*x - v. Is x composite?
False
Suppose z = 2*m + 154, m - 7*z + 2*z + 77 = 0. Let c = -65 - m. Suppose -7*f - c*f = -4009. Is f a prime number?
True
Suppose 5*k + 5*c - 158210 = 0, 4*c + 31652 = k + 7*c. Is k composite?
True
Let b = -45574 - -83471. Is b prime?
True
Let p(n) = -n - 38. Let y be p(-16). Let l(i) = 21*i**2 + i + 2. Let k be l(-2). Let r = k + y. Is r prime?
False
Suppose -3*s - 773407 = -4*p, -4 - 31 = -5*s. Is p a prime number?
True
Suppose -3*q - 71*l = -74*l - 2910, 0 = 3*q + 3*l - 2880. Is q composite?
True
Suppose 5*i + 56280 = 5*p, 5*i + 5299 + 17210 = 2*p. Is p a prime number?
True
Suppose -9*w + w = -3036432. Is w/42 + -7 + 1 a composite number?
True
Suppose -3*s + 259760 = -l, 5*s + 0*s - 432936 = -l. Is s a prime number?
True
Suppose 3*w - 8*w - 25 = 0, 74 = 4*r - 2*w. Suppose 3*u - 6*u = -t - r, 4*t - 2*u = -14. Is (-5812)/(-10) - t/(-5) composite?
True
Let c(g) = -10*g**2 - 62*g + 17. Let h(a) = 12*a**2 + 63*a - 18. Let n(x) = -3*c(x) - 2*h(x). Is n(-21) a prime number?
False
Let o be ((-2490)/20)/(((-81)/(-132))/9). Let s = o - -5235. Is s composite?
True
Let x = -106 + 134. Is 5/(15/3082) - x/84 a composite number?
True
Let o(f) = -17*f**3 - 5*f**2 - 8*f - 1. Suppose 0 = 14*d - 19*d. Let p be (3 + d + 2)*1/(-1). Is